of 218142 and 72?
18
What is the greatest common divisor of 13 and 135733?
13
Calculate the highest common divisor of 63308 and 87533.
323
Calculate the greatest common factor of 10960 and 840.
40
Calculate the greatest common divisor of 13431 and 1295.
37
Calculate the highest common factor of 1100 and 96228.
44
What is the greatest common factor of 1050 and 3900?
150
Calculate the greatest common divisor of 186490 and 170.
170
What is the greatest common divisor of 2184 and 179361?
273
What is the highest common divisor of 84 and 30268?
28
What is the highest common factor of 993 and 444?
3
What is the greatest common divisor of 752054 and 1886?
46
What is the greatest common divisor of 278802 and 12?
6
What is the greatest common divisor of 3406778 and 118?
118
What is the greatest common divisor of 918 and 14994?
306
What is the highest common factor of 294 and 580797?
147
Calculate the greatest common divisor of 25467 and 221.
13
What is the highest common factor of 5 and 286685?
5
What is the greatest common divisor of 171468 and 792?
396
What is the greatest common divisor of 364100 and 31900?
1100
What is the highest common factor of 726 and 8142?
6
Calculate the highest common divisor of 84779 and 272.
17
What is the greatest common factor of 5356 and 1066?
26
Calculate the greatest common divisor of 212 and 66515.
53
Calculate the greatest common divisor of 783 and 35757.
261
Calculate the highest common factor of 21973 and 1679.
73
What is the highest common divisor of 287700 and 70?
70
What is the greatest common factor of 588 and 1209810?
294
Calculate the highest common factor of 59472 and 441.
63
Calculate the greatest common divisor of 874139 and 1654.
827
Calculate the highest common factor of 450636 and 1020.
204
Calculate the highest common factor of 34255 and 94333.
527
Calculate the greatest common factor of 4025 and 336950.
575
Calculate the highest common factor of 37465 and 145415.
635
Calculate the highest common factor of 81127 and 5890.
31
Calculate the highest common factor of 79419 and 69.
69
Calculate the greatest common factor of 223 and 18063.
223
What is the greatest common divisor of 24163 and 292?
73
What is the greatest common divisor of 198 and 73674?
18
What is the greatest common factor of 141183 and 945?
189
What is the greatest common factor of 2 and 11037?
1
Calculate the greatest common factor of 21456 and 2466.
18
What is the highest common divisor of 14263 and 17?
17
What is the highest common factor of 43594 and 142?
142
What is the greatest common factor of 57 and 69303?
3
Calculate the greatest common divisor of 240 and 179760.
240
What is the greatest common factor of 1963 and 11453?
13
Calculate the highest common factor of 615 and 59532.
123
What is the highest common divisor of 6032 and 8944?
208
What is the greatest common divisor of 300 and 6438450?
150
Calculate the greatest common divisor of 27 and 59481.
27
Calculate the greatest common divisor of 639 and 25347.
213
Calculate the greatest common divisor of 2560 and 820736.
512
What is the highest common factor of 1950 and 858?
78
Calculate the highest common factor of 3485 and 9635.
205
Calculate the greatest common factor of 3712 and 848768.
128
What is the highest common factor of 37750 and 20250?
250
Calculate the highest common factor of 14569 and 34.
17
Calculate the greatest common factor of 138 and 143750.
46
Calculate the highest common divisor of 1725666 and 18.
6
Calculate the greatest common divisor of 5118 and 6.
6
What is the greatest common divisor of 56 and 228466?
14
Calculate the highest common divisor of 832 and 21424.
208
What is the highest common divisor of 54 and 5513616?
54
Calculate the highest common factor of 237 and 132.
3
Calculate the highest common factor of 29120 and 4880.
80
Calculate the highest common divisor of 1017123 and 636.
159
Calculate the greatest common divisor of 1973150 and 475.
475
What is the highest common factor of 1897353 and 17?
17
What is the highest common divisor of 380 and 78185?
95
What is the highest common factor of 241000 and 10600?
200
Calculate the highest common divisor of 502749 and 45.
9
What is the greatest common factor of 167258 and 208?
26
What is the greatest common divisor of 396 and 128?
4
Calculate the greatest common divisor of 12075 and 756.
21
What is the greatest common divisor of 1442 and 11330?
206
What is the greatest common divisor of 9729 and 396?
9
Calculate the highest common factor of 387653 and 1501.
79
Calculate the highest common factor of 154548 and 424.
212
What is the greatest common factor of 151102 and 8534?
502
Calculate the highest common factor of 1813 and 43253.
259
What is the greatest common divisor of 186934 and 232?
58
Calculate the greatest common factor of 3381 and 17199.
147
What is the greatest common factor of 701705 and 5920?
185
Calculate the greatest common divisor of 128405 and 915.
305
Calculate the greatest common divisor of 2033 and 179867.
107
What is the greatest common factor of 96246 and 2?
2
What is the greatest common divisor of 68348 and 28?
28
What is the highest common factor of 5862030 and 60?
30
What is the highest common factor of 632 and 59329?
79
What is the highest common divisor of 2471 and 9178?
353
What is the greatest common factor of 783167 and 343?
49
Calculate the highest common factor of 600 and 5107800.
600
Calculate the highest common factor of 2 and 8667.
1
Calculate the highest common divisor of 35960 and 20677.
899
What is the greatest common divisor of 583223 and 611?
47
What is the highest common factor of 7281 and 72?
9
Calculate the greatest common factor of 222 and 370.
74
Calculate the greatest common factor of 6144 and 2976.
96
What is the highest common divisor of 336 and 24?
24
Calculate the greatest common divisor of 145400 and 400.
200
Calculate the highest common divisor of 2126 and 7.
1
Calculate the greatest common divisor of 69 and 184483.
23
What is the greatest common factor of 365 and 273020?
365
What is the highest common divisor of 46056 and 408?
24
What is the highest common factor of 72048 and 3?
3
What is the highest common divisor of 258 and 2494?
86
What is the highest common divisor of 112 and 32272?
16
What is the highest common divisor of 798 and 343434?
42
Calculate the highest common divisor of 22 and 1054526.
22
What is the greatest common divisor of 94 and 4841?
47
Calculate the greatest common factor of 3311 and 99.
11
Calculate the greatest common factor of 8503146 and 171.
171
What is the highest common divisor of 25893 and 1323?
189
What is the greatest common divisor of 24 and 3078?
6
What is the highest common divisor of 96 and 46432?
32
Calculate the greatest common divisor of 1580148 and 162.
162
Calculate the highest common factor of 906230 and 1040.
130
What is the greatest common factor of 15 and 7503?
3
What is the greatest common divisor of 42 and 103173?
21
Calculate the highest common divisor of 21889 and 9499.
413
What is the greatest common divisor of 2 and 43114?
2
What is the greatest common divisor of 85 and 21365?
5
What is the highest common divisor of 951973 and 185?
37
Calculate the greatest common factor of 167577 and 249.
249
What is the greatest common divisor of 3197 and 161?
23
Calculate the greatest common factor of 17688 and 528.
264
What is the highest common divisor of 107683 and 1257?
419
Calculate the greatest common divisor of 13797 and 603.
9
What is the greatest common divisor of 6407 and 6258?
149
What is the greatest common divisor of 1100 and 7600?
100
What is the highest common divisor of 2125 and 82450?
425
Calculate the highest common factor of 765 and 9690.
255
What is the highest common divisor of 88205 and 390?
65
What is the highest common divisor of 2478 and 45864?
42
Calculate the greatest common divisor of 460 and 2438.
46
What is the highest common divisor of 6262 and 3007?
31
What is the greatest common factor of 13471 and 513?
19
Calculate the greatest common factor of 194340 and 36080.
820
Calculate the greatest common divisor of 2196576 and 526.
526
Calculate the greatest common divisor of 16685 and 4465.
235
What is the highest common factor of 3111 and 442?
17
What is the highest common factor of 224501 and